e units digit of j?
1
Suppose 2*z = 4*z - 8. Let o(l) = 8*l - 3*l**2 - 3*l + z*l**2 + 1. What is the units digit of o(-6)?
7
Let i(u) = u + 1. Let d be i(3). What is the tens digit of 69/6 + (-2)/d?
1
Let s(q) = -3*q**3 - 1 + q - 3*q**2 + q - q + 4*q**3. Let w be s(3). Suppose 5*j = -4*c - w + 42, -3*c - 8 = -j. What is the units digit of j?
8
Let w be (-6)/(-10) + 126/15. Let p(m) = -3*m - 4*m - 12 + 3*m**2 - 4*m**2 + 2*m**2. What is the units digit of p(w)?
6
Let r(p) = 2*p + 1. Let m be r(2). Suppose -15 = c - m*x - 48, 3*x - 53 = -2*c. What is the tens digit of c?
2
Let j be 136/3 - (-2)/(-6). Suppose -j = -4*k + 7. What is the tens digit of k?
1
What is the tens digit of 2/(-11) - (-7496)/(-176)*-2?
8
Suppose -31 + 35 = k. Suppose -5*r + k = -6. What is the units digit of r?
2
Let j = 46 - 29. Suppose -j + 1 = -k. Suppose -4*h + 0*h + k = 0. What is the units digit of h?
4
Suppose -4*y = -s - s + 138, -3*s = -5*y - 205. Suppose 0 = 3*l + 2*k - 55, k - 5 = -4*l + s. What is the tens digit of l?
1
Let u = 4 - -28. What is the tens digit of u?
3
Suppose -4*x + 3 = -17. Suppose -x*b - 13 = -73. What is the tens digit of b?
1
Suppose 0 = g + 2*u - 46, 0*g + 42 = g - 2*u. What is the tens digit of g/(-6)*(-12)/4?
2
Suppose 5*v - 520 = 4*d - 0*d, -4*d - 304 = -3*v. Let c = -64 + v. What is the units digit of c?
4
Suppose 2*w = -4*c - 0*w + 198, 4*c = 3*w + 183. What is the units digit of (c/(-1))/(18/(-12))?
2
Let k(g) = 2*g**2 - 3*g - 2. Let m be (-32)/6 + (-2)/3. Let y = m - -10. What is the units digit of k(y)?
8
Let k(n) = n**2 - 2*n + 2. Let m = -1 - -3. Let q be k(m). What is the units digit of q - (4/1)/(-2)?
4
Let v be (-4)/(-18) + 48/27. Let c(x) = -x**2 + x + 1. Let s be c(0). What is the units digit of (v*1)/(s - 0)?
2
Let i(h) = 34*h + 7 + 12 - 19. What is the tens digit of i(1)?
3
Suppose z - 6*z = 0. Let w(y) = -y**3 + y**2 + y + 38. What is the tens digit of w(z)?
3
Let n be 5 + (-1 - -1) + -3. Suppose -3*v - x + 69 = n*x, 0 = -x - 5. What is the units digit of v?
8
Let k(r) = r**3 + 8*r**2 + 6. Let g be k(-8). Let x be (-2 - -19) + (0 - 2). What is the units digit of 5/x - (-52)/g?
9
Let i be 25/2*8/10. Let v(a) = -a**2 - 8*a + 2. Let b be v(-9). Let d = b + i. What is the units digit of d?
3
Let j(r) = -1 - 3 - r + 1 + 6. What is the units digit of j(-3)?
6
Let k(s) = -s**3 + 3*s**2 + 2*s - 2. Let j be k(3). Suppose 0 = -4*w - j*q + 212, 4*w - 5*q - 41 = 3*w. What is the units digit of w?
1
Let v(l) = l**2 + 3*l**3 + l - l**2. Let p be v(1). Suppose -p - 9 = -b. What is the tens digit of b?
1
Let t be 49 + (3 - 8/2). Suppose -22 = -5*x + t. What is the units digit of x?
4
Let f(s) = -2*s**3 + s**2 + 3*s + 2. Let y be f(-2). Suppose -3 - 5 = 4*x. Let i = x + y. What is the tens digit of i?
1
Let t = 23 + -4. What is the units digit of t?
9
Suppose -r + 3*l - 4 = 0, -5*r - 2*l + 1 = -4*r. Let q = r + 6. What is the units digit of q?
5
Let f = -33 + 54. What is the units digit of f + 6/((-6)/(-3))?
4
What is the units digit of (-2)/((-3)/72 - 0)?
8
Let o = 2 - 1. What is the tens digit of 2*o - (-2 + -9)?
1
Let c = -11 + 27. Suppose -5*g - c = -g. Let d = -2 - g. What is the units digit of d?
2
What is the tens digit of 18/(-12) + 1 + (-203)/(-2)?
0
Suppose r - 156 + 9 = 0. What is the units digit of r?
7
Suppose 0 = r - q - 20, 5*q - 3*q = 3*r - 57. What is the units digit of r?
7
Let k(s) = 2*s**2 + s. Let l be k(1). Let m(d) = -7 - d**3 - 3*d**2 + 2*d + 8*d**2 + 0*d**l. What is the units digit of m(5)?
3
Let q(l) be the third derivative of l**5/60 + l**4/24 - l**3/6 + 2*l**2. What is the units digit of q(1)?
1
What is the units digit of (-1)/(-1)*(-6 - -33)?
7
What is the units digit of (-339)/(-12) + 3/4?
9
What is the tens digit of -78*(26/(-4) + 5)?
1
Let z(s) = s**3 + 5*s**2 - 6*s - 1. Let p be z(-6). Let r be 2 + (2 - (16 + p)). What is the units digit of (-3)/1 - (4 + r)?
4
Let k be (1 + -2)/(3/21). Let t = k - -4. What is the units digit of t/1 + 3 + 3?
3
Suppose 2*x + 2*x - 3*l = 42, 4*l = 5*x - 52. Let y = 4 + x. Suppose 0 = 2*d + 2*u - y, 9 = 2*d + u - 5. What is the units digit of d?
6
Let d(y) = 2*y - 16. Let u be d(10). Suppose 16 = -u*p + 176. What is the tens digit of p?
4
Let n(f) = -f + 13. Let c be n(10). Suppose 0 = -c*u + 17 + 34. What is the units digit of u?
7
Let g be (20/12)/((-2)/(-6)). Suppose -2*x + x + 2 = 0. Suppose -8 = -w - o, -3*w - x*w - 10 = -g*o. What is the units digit of w?
3
Let z be (75/(-9))/((-4)/12). Suppose 45 = 2*w - z. What is the tens digit of w?
3
Suppose -5*t - 5*d + 40 = 0, 5*t - 10 = 4*d + 3. Suppose t = 4*w + w. What is the units digit of w?
1
Let x(v) = 184*v - 2. What is the hundreds digit of x(1)?
1
Suppose -9*q + 15 = -6*q. What is the units digit of q?
5
Suppose 0*r = 3*r - 2*l - 58, -2*l = -2. What is the units digit of r?
0
Suppose -2*x + 0*a + 3*a = -263, -3*a - 644 = -5*x. Suppose 2*v = -3*f - 44 - 5, -5*v - 3*f - x = 0. What is the tens digit of (5/(-10))/(1/v)?
1
Let x(o) be the third derivative of o**4/6 - o**3/2 + 2*o**2. What is the units digit of x(3)?
9
Let d(u) = -u + 8. Let g be d(5). Suppose -g*l = -5*a + 7, -3*l + 1 = -a - 0. Suppose -y + 4*w = -20, -a*y - 2*y + 36 = -5*w. What is the units digit of y?
4
Let h be ((-200)/32)/((-1)/(-4)). Let x = h - -42. What is the units digit of x?
7
Let l = 74 - 5. What is the units digit of l?
9
What is the tens digit of (4 - 5)*(-32 - 2)?
3
Let q(f) = f**2 + 2*f - 2. Let w be q(-4). Let g = 19 - w. What is the tens digit of g?
1
Let p(a) = 4*a - 3*a - a - a. Let g be p(-1). Suppose 6*v - 3*j = 2*v - 2, 2*j + g = 5*v. What is the units digit of v?
1
What is the units digit of (-1)/(0 - 3/21)?
7
Suppose -2*f + 3 = -17. Let z = 27 - 26. Suppose y - f = z. What is the units digit of y?
1
Suppose v + 5*v = 924. What is the units digit of v?
4
Suppose 79 = 5*d + 29. Suppose -2*b = -0*b. Suppose -4*t - 2*m + d = -24, 4*t + 3*m - 33 = b. What is the units digit of t?
9
Let y = 16 + -25. Let h = 17 + y. What is the units digit of h?
8
Let f = 0 - -3. Let p be 4*(10/(-8) + f). Let q = p - 5. What is the units digit of q?
2
Let l = -18 + 23. Suppose l*i = 2*t - 63, 0*t + 2*t + 5*i = 73. What is the tens digit of t?
3
Suppose -2*d - 2*n = -n - 38, -d = 2*n - 16. Let s be 24/d*(-5)/(-1). What is the tens digit of (8/s)/((-2)/(-15))?
1
Let g(d) = -d**3 + 4*d**2 - 4. Let t be 4/2*18/12. Let y be g(t). Suppose -y*h = 2*w - 110, -h - 22 = -2*h + 2*w. What is the units digit of h?
2
Let k(v) = -3*v - 16. What is the units digit of k(-11)?
7
Let j = -6 - -6. Let l = 9 - 7. Suppose l + j = d. What is the units digit of d?
2
Let l(u) = u**3 + u**2 + 3. Let w be l(0). Suppose 0 = -w*o + 16 + 2. What is the units digit of o?
6
Let d = 203 - 111. Suppose -c = c - d. What is the tens digit of c?
4
Let n = -11 + 45. What is the tens digit of n?
3
Suppose -3*c + 6 = -c. Suppose -l = -d + c, 4*d + 2*l - 8 = 5*l. Let g(n) = -4*n**3 - 2*n**2 - 2*n - 1. What is the units digit of g(d)?
3
Let d(f) = -5*f**2 + 1. Let o(t) = -15*t**2 + t + 2. Let n(u) = 8*d(u) - 3*o(u). Let r be n(3). What is the units digit of (-8)/(-12) + r/6?
7
Let l = -8 + 11. Suppose 10 = 4*b + 2*d, -d = b - 0*d - l. Suppose -r = -b*r + 21. What is the units digit of r?
1
Suppose -5*t + 0*p + p = -485, -2*p + 182 = 2*t. What is the tens digit of t?
9
Let l(h) = -9*h - 1. Let w be l(1). Let o = w + -4. Let t = -5 - o. What is the units digit of t?
9
Let g = -1 + -1. Let m be g + 5*6/3. Suppose -4*d = -2*d - m. What is the units digit of d?
4
Let s(w) = w**3 - 12*w**2 + 12*w - 8. Let g be s(11). Suppose g*k = -1 + 4. Let p(l) = 18*l - 1. What is the units digit of p(k)?
7
What is the tens digit of (-3)/12 + (-891)/(-12)?
7
Let f(d) = -d**2 - 8*d - 1. Let v be f(-8). What is the units digit of (-1)/v - 0/6?
1
Let a be 14/2 + (3 - 4). Suppose -2*o = -a*o - 60. What is the units digit of 117/15 + (-3)/o?
8
Let f(p) = 69*p. Let r be f(1). Suppose j - r = -2*j. What is the tens digit of j?
2
Suppose 4*m - 8 = 0, r - 3*m - 1 = -3. What is the units digit of (-1)/((8/(-10))/r)?
5
Let t be 12*2*(-4)/2. Let j be (-2)/(-2 + t/(-26)). Suppose 2*h - j = -3. What is the units digit of h?
5
Suppose 5*c + 4 - 22 = -4*g, -c - 8 = -5*g. Let p be c/(-6) + (-14)/3. What is the units digit of 2/p + 